{"id":73,"date":"2021-03-28T14:02:04","date_gmt":"2021-03-28T12:02:04","guid":{"rendered":"http:\/\/schody-piotrek.pl\/?page_id=73"},"modified":"2026-01-19T10:52:58","modified_gmt":"2026-01-19T09:52:58","slug":"home","status":"publish","type":"page","link":"https:\/\/schody-piotrek.pl\/","title":{"rendered":"Home"},"content":{"rendered":"<!-- wp:themify-builder\/canvas \/-->","protected":false},"excerpt":{"rendered":"","protected":false},"author":1,"featured_media":0,"parent":0,"menu_order":0,"comment_status":"closed","ping_status":"closed","template":"","meta":{"footnotes":""},"class_list":["post-73","page","type-page","status-publish","hentry","has-post-title","has-post-date","has-post-category","has-post-tag","has-post-comment","has-post-author",""],"builder_content":"<h1>Schody<br>Piotrek\u00a0<\/h1>\n<p>Ciesz\u0119 si\u0119 z Twoich odwiedzin na mojej stronie. <br>Pozw\u00f3l, \u017ce poka\u017c\u0119 Ci czym si\u0119 zajmuj\u0119 i co jest moj\u0105 pasj\u0105.<\/p>\n<a href=\"https:\/\/schody-piotrek.pl\/#omnie\" > kilka s\u0142ow o mnie <\/a>\n<img src=\"https:\/\/schody-piotrek.pl\/wp-content\/uploads\/2023\/03\/VID-20230225-WA0000.gif\" title=\"VID-20230225-WA0000\" alt=\"VID-20230225-WA0000\">\n<img src=\"https:\/\/schody-piotrek.pl\/wp-content\/uploads\/2023\/03\/schody-1-1-461x1024-495x1100.jpg\" width=\"495\" height=\"1100\" title=\"schody 1\" alt=\"schody 1\" srcset=\"https:\/\/schody-piotrek.pl\/wp-content\/uploads\/2023\/03\/schody-1-1-461x1024-495x1100.jpg 495w, https:\/\/schody-piotrek.pl\/wp-content\/uploads\/2023\/03\/schody-1-1-135x300.jpg 135w, https:\/\/schody-piotrek.pl\/wp-content\/uploads\/2023\/03\/schody-1-1-461x1024.jpg 461w, https:\/\/schody-piotrek.pl\/wp-content\/uploads\/2023\/03\/schody-1-1-768x1707.jpg 768w, https:\/\/schody-piotrek.pl\/wp-content\/uploads\/2023\/03\/schody-1-1-691x1536.jpg 691w, https:\/\/schody-piotrek.pl\/wp-content\/uploads\/2023\/03\/schody-1-1-922x2048.jpg 922w, https:\/\/schody-piotrek.pl\/wp-content\/uploads\/2023\/03\/schody-1-1-scaled.jpg 1152w\" sizes=\"(max-width: 495px) 100vw, 495px\" \/>\n<p>Co mog\u0119 dla Ciebie zrobi\u0107?<\/p>\n<img src=\"https:\/\/schody-piotrek.pl\/wp-content\/uploads\/2023\/03\/300schody-1-scaled.jpg\" title=\"Schody wewn\u0119trzne\" alt=\"Opis schod\u00f3w wewn\u0119trznych\" srcset=\"https:\/\/schody-piotrek.pl\/wp-content\/uploads\/2023\/03\/300schody-1-scaled.jpg 1280w, https:\/\/schody-piotrek.pl\/wp-content\/uploads\/2023\/03\/300schody-1-150x300.jpg 150w, https:\/\/schody-piotrek.pl\/wp-content\/uploads\/2023\/03\/300schody-1-512x1024.jpg 512w, https:\/\/schody-piotrek.pl\/wp-content\/uploads\/2023\/03\/300schody-1-768x1536.jpg 768w, https:\/\/schody-piotrek.pl\/wp-content\/uploads\/2023\/03\/300schody-1-1024x2048.jpg 1024w\" sizes=\"(max-width: 1280px) 100vw, 1280px\" \/> <h4> Schody wewn\u0119trzne <\/h4> Opis schod\u00f3w wewn\u0119trznych\n<img src=\"https:\/\/schody-piotrek.pl\/wp-content\/uploads\/2023\/03\/300zewx-scaled.jpg\" title=\"Balustrady zewn\u0119trzne\" alt=\"Opis balustrad zewnetrznych\" srcset=\"https:\/\/schody-piotrek.pl\/wp-content\/uploads\/2023\/03\/300zewx-scaled.jpg 1280w, https:\/\/schody-piotrek.pl\/wp-content\/uploads\/2023\/03\/300zewx-150x300.jpg 150w, https:\/\/schody-piotrek.pl\/wp-content\/uploads\/2023\/03\/300zewx-512x1024.jpg 512w, https:\/\/schody-piotrek.pl\/wp-content\/uploads\/2023\/03\/300zewx-768x1536.jpg 768w, https:\/\/schody-piotrek.pl\/wp-content\/uploads\/2023\/03\/300zewx-1024x2048.jpg 1024w\" sizes=\"(max-width: 1280px) 100vw, 1280px\" \/> <h3> Balustrady zewn\u0119trzne <\/h3> Opis balustrad zewnetrznych\n<img src=\"https:\/\/schody-piotrek.pl\/wp-content\/uploads\/2023\/03\/300bal1x-scaled.jpg\" title=\"Balustrady wewn\u0119trzne\" alt=\"Opis balustrad\" srcset=\"https:\/\/schody-piotrek.pl\/wp-content\/uploads\/2023\/03\/300bal1x-scaled.jpg 1280w, https:\/\/schody-piotrek.pl\/wp-content\/uploads\/2023\/03\/300bal1x-150x300.jpg 150w, https:\/\/schody-piotrek.pl\/wp-content\/uploads\/2023\/03\/300bal1x-512x1024.jpg 512w, https:\/\/schody-piotrek.pl\/wp-content\/uploads\/2023\/03\/300bal1x-768x1536.jpg 768w, https:\/\/schody-piotrek.pl\/wp-content\/uploads\/2023\/03\/300bal1x-1024x2048.jpg 1024w\" sizes=\"(max-width: 1280px) 100vw, 1280px\" \/> <h3> Balustrady wewn\u0119trzne <\/h3> Opis balustrad\n<h1>O mnie<\/h1>\n<p>Od ucznia po czeladnika z rodzin\u0105 u boku przez 30 lat w zawodzie. <br>Moje produkty wykonuj\u0119 z rodzimych gatunk\u00f3w drewna jak i z egzotycznych <br>w po\u0142\u0105czeniu ze szk\u0142em i stal\u0105 nierdzewn\u0105. <br>Ka\u017cdego klienta traktuj\u0119 indywidualnie, od pomiaru, projektu, produkcji <br>i monta\u017cu wybranego wzoru schod\u00f3w samono\u015bnych lub balustrad. <br>Zajmuj\u0119 si\u0119 tak\u017ce ok\u0142adaniem schod\u00f3w wylanych z betonu. <br>Lata praktyki i umiej\u0119tno\u015bci pozwol\u0105 mi spe\u0142ni\u0107 oczekiwania moich klient\u00f3w.<\/p>\n<a href=\"https:\/\/schody-piotrek.pl\/#galeria\" > galeria realizacji <\/a>\n<img src=\"https:\/\/schody-piotrek.pl\/wp-content\/uploads\/2023\/03\/pio-1024x675-600x395.jpg\" width=\"600\" height=\"395\" title=\"pio\" alt=\"pio\" srcset=\"https:\/\/schody-piotrek.pl\/wp-content\/uploads\/2023\/03\/pio-1024x675-600x395.jpg 600w, https:\/\/schody-piotrek.pl\/wp-content\/uploads\/2023\/03\/pio-300x198.jpg 300w, https:\/\/schody-piotrek.pl\/wp-content\/uploads\/2023\/03\/pio-1024x675.jpg 1024w, https:\/\/schody-piotrek.pl\/wp-content\/uploads\/2023\/03\/pio-768x506.jpg 768w, https:\/\/schody-piotrek.pl\/wp-content\/uploads\/2023\/03\/pio.jpg 1244w\" sizes=\"(max-width: 600px) 100vw, 600px\" \/>\n<h2>Kontakt<\/h2>\n<p>Piotr Olszowiec<br>tel. 603 674 688<br><br>email- piotrolszowiec@wp.pl<\/p>\n<h2>Galeria <\/h2>\n<p>Oto niekt\u00f3re z moich realizacji, galeria b\u0119dzie stale aktualizowana.<\/p>\n<img src=\"https:\/\/schody-piotrek.pl\/wp-content\/uploads\/2023\/05\/ezgif.com-optimize.gif\" title=\"ezgif.com-optimize\" alt=\"ezgif.com-optimize\">\n[gallery ids=\"192,193,194,195,196,197,198,199,200,201,202,203,204,205,206,207,208,209,210,211,212,213,214,215,216,217,218,219,220,221,222,223,224,225,226,227,228,229,230,231,232,233,234,235,236,237,238,239,240,241,242,243,244,245,246,247,248,249,250,251,252,253,254,255,256,257,258,259,260,261,262,263,264,265,266,267,268,269,270,271,272,273,274,275,276,277,278,279,280,281,282,283,284,285,286,287,288,289,290,291,292,293,321,322,323,324,325,326,327,328,329,330,331,332,333,334,335,336,337,338,339,340,341,342,343,344,345,346,347,348,349,350,351,352,353,354,355,356,357,358,359,360,361,362,363,364,365,366,367,368,369,370,371,372,373,374,375,376,377,378,379,380,381,382,383,384,385,386,387,388,389,390,391,392,393,394,395,396,397,398,399,400,401,402,403,404,405,406,407,408,409,410,417,418,419,420,421,422,423,424,444,445,446,447,448,449,450,451,452,453,454,455,456,457,458,471,472,473,474,475,476,479,480,481,482,487,488,489,490,505,506,507,508,509,510,511,512,513,514,515,516\"]\n<a href=\"https:\/\/schody-piotrek.pl\" > Powr\u00f3t na pocz\u0105tek strony <\/a>","_links":{"self":[{"href":"https:\/\/schody-piotrek.pl\/index.php?rest_route=\/wp\/v2\/pages\/73","targetHints":{"allow":["GET"]}}],"collection":[{"href":"https:\/\/schody-piotrek.pl\/index.php?rest_route=\/wp\/v2\/pages"}],"about":[{"href":"https:\/\/schody-piotrek.pl\/index.php?rest_route=\/wp\/v2\/types\/page"}],"author":[{"embeddable":true,"href":"https:\/\/schody-piotrek.pl\/index.php?rest_route=\/wp\/v2\/users\/1"}],"replies":[{"embeddable":true,"href":"https:\/\/schody-piotrek.pl\/index.php?rest_route=%2Fwp%2Fv2%2Fcomments&post=73"}],"version-history":[{"count":119,"href":"https:\/\/schody-piotrek.pl\/index.php?rest_route=\/wp\/v2\/pages\/73\/revisions"}],"predecessor-version":[{"id":519,"href":"https:\/\/schody-piotrek.pl\/index.php?rest_route=\/wp\/v2\/pages\/73\/revisions\/519"}],"wp:attachment":[{"href":"https:\/\/schody-piotrek.pl\/index.php?rest_route=%2Fwp%2Fv2%2Fmedia&parent=73"}],"curies":[{"name":"wp","href":"https:\/\/api.w.org\/{rel}","templated":true}]}}